 by 5?
4
Calculate the remainder when 196 is divided by 24.
4
Calculate the remainder when 555 is divided by 112.
107
Calculate the remainder when 65 is divided by 35.
30
Calculate the remainder when 1157 is divided by 1157.
0
Calculate the remainder when 93 is divided by 3.
0
Calculate the remainder when 4333 is divided by 89.
61
Calculate the remainder when 1545 is divided by 43.
40
What is the remainder when 1646 is divided by 29?
22
Calculate the remainder when 349 is divided by 36.
25
Calculate the remainder when 278 is divided by 210.
68
What is the remainder when 34 is divided by 6?
4
What is the remainder when 318 is divided by 93?
39
Calculate the remainder when 407 is divided by 12.
11
What is the remainder when 84 is divided by 15?
9
What is the remainder when 519 is divided by 28?
15
What is the remainder when 129 is divided by 11?
8
What is the remainder when 9255 is divided by 26?
25
What is the remainder when 617 is divided by 5?
2
What is the remainder when 2567 is divided by 12?
11
Calculate the remainder when 2132 is divided by 122.
58
What is the remainder when 33 is divided by 16?
1
What is the remainder when 59 is divided by 20?
19
What is the remainder when 389 is divided by 26?
25
What is the remainder when 117 is divided by 13?
0
What is the remainder when 26 is divided by 2?
0
What is the remainder when 53 is divided by 35?
18
What is the remainder when 2322 is divided by 83?
81
What is the remainder when 227 is divided by 23?
20
Calculate the remainder when 1977 is divided by 33.
30
Calculate the remainder when 237 is divided by 60.
57
Calculate the remainder when 393 is divided by 11.
8
What is the remainder when 128 is divided by 46?
36
What is the remainder when 3075 is divided by 57?
54
What is the remainder when 415 is divided by 52?
51
Calculate the remainder when 382 is divided by 53.
11
What is the remainder when 1947 is divided by 23?
15
What is the remainder when 180 is divided by 27?
18
Calculate the remainder when 922 is divided by 66.
64
What is the remainder when 3587 is divided by 63?
59
Calculate the remainder when 262 is divided by 3.
1
Calculate the remainder when 900 is divided by 442.
16
Calculate the remainder when 1617 is divided by 45.
42
What is the remainder when 148 is divided by 19?
15
Calculate the remainder when 561 is divided by 76.
29
Calculate the remainder when 271 is divided by 23.
18
What is the remainder when 414 is divided by 19?
15
Calculate the remainder when 276 is divided by 110.
56
Calculate the remainder when 1991 is divided by 286.
275
Calculate the remainder when 200 is divided by 45.
20
What is the remainder when 108 is divided by 64?
44
What is the remainder when 142 is divided by 45?
7
What is the remainder when 1953 is divided by 61?
1
Calculate the remainder when 176 is divided by 45.
41
Calculate the remainder when 178 is divided by 81.
16
Calculate the remainder when 163 is divided by 37.
15
Calculate the remainder when 845 is divided by 47.
46
Calculate the remainder when 403 is divided by 136.
131
Calculate the remainder when 167 is divided by 153.
14
Calculate the remainder when 143 is divided by 22.
11
Calculate the remainder when 91 is divided by 47.
44
What is the remainder when 135 is divided by 41?
12
Calculate the remainder when 485 is divided by 10.
5
What is the remainder when 286 is divided by 48?
46
What is the remainder when 646 is divided by 36?
34
Calculate the remainder when 469 is divided by 150.
19
What is the remainder when 57 is divided by 10?
7
What is the remainder when 2537 is divided by 47?
46
Calculate the remainder when 2340 is divided by 1164.
12
What is the remainder when 274 is divided by 25?
24
What is the remainder when 165 is divided by 8?
5
What is the remainder when 754 is divided by 30?
4
What is the remainder when 3359 is divided by 16?
15
Calculate the remainder when 243 is divided by 49.
47
What is the remainder when 43 is divided by 31?
12
What is the remainder when 49 is divided by 12?
1
Calculate the remainder when 612 is divided by 25.
12
Calculate the remainder when 16287 is divided by 58.
47
What is the remainder when 177 is divided by 100?
77
Calculate the remainder when 1078 is divided by 99.
88
What is the remainder when 392 is divided by 58?
44
Calculate the remainder when 117 is divided by 67.
50
What is the remainder when 1999 is divided by 11?
8
Calculate the remainder when 143 is divided by 41.
20
What is the remainder when 806 is divided by 262?
20
What is the remainder when 1261 is divided by 8?
5
What is the remainder when 367 is divided by 127?
113
Calculate the remainder when 693 is divided by 54.
45
Calculate the remainder when 2281 is divided by 21.
13
What is the remainder when 39 is divided by 36?
3
Calculate the remainder when 126 is divided by 48.
30
Calculate the remainder when 2486 is divided by 15.
11
Calculate the remainder when 804 is divided by 162.
156
What is the remainder when 271 is divided by 7?
5
Calculate the remainder when 547 is divided by 46.
41
What is the remainder when 2528 is divided by 12?
8
Calculate the remainder when 100 is divided by 56.
44
Calculate the remainder when 968 is divided by 36.
32
Calculate the remainder when 316 is divided by 48.
28
Calculate the remainder when 29135 is divided by 9708.
11
Calculate the remainder when 571 is divided by 64.
59
Calculate the remainder when 156 is divided by 33.
24
What is the remainder when 210 is divided by 55?
45
Calculate the remainder when 116 is divided by 47.
22
Calculate the remainder when 7887 is divided by 3940.
7
What is the remainder when 14 is divided by 5?
4
Calculate the remainder when 3815 is divided by 201.
197
Calculate the remainder when 3596 is divided by 599.
2
What is the remainder when 3356 is divided by 42?
38
Calculate the remainder when 447 is divided by 63.
6
Calculate the remainder when 53 is divided by 7.
4
What is the remainder when 1395 is divided by 347?
7
What is the remainder when 692 is divided by 230?
2
What is the remainder when 1895 is divided by 371?
40
What is the remainder when 2241 is divided by 34?
31
What is the remainder when 2459 is divided by 596?
75
What is the remainder when 880 is divided by 92?
52
What is the remainder when 109 is divided by 64?
45
What is the remainder when 5159 is divided by 24?
23
Calculate the remainder when 937 is divided by 42.
13
Calculate the remainder when 107 is divided by 31.
14
Calculate the remainder when 5033 is divided by 1676.
5
Calculate the remainder when 45 is divided by 6.
3
What is the remainder when 1053 is divided by 151?
147
What is the remainder when 69 is divided by 18?
15
What is the remainder when 185 is divided by 120?
65
What is the remainder when 638 is divided by 92?
86
What is the remainder when 234 is divided by 58?
2
What is the remainder when 1624 is divided by 74?
70
What is the remainder when 4607 is divided by 32?
31
Calculate the remainder when 36 is divided by 8.
4
What is the remainder when 299 is divided by 7?
5
Calculate the remainder when 305 is divided by 22.
19
What is the remainder when 2078 is divided by 135?
53
What is the remainder when 4335 is divided by 480?
15
Calculate the remainder when 560 is divided by 80.
0
Calculate the remainder when 337 is divided by 20.
17
What is the remainder when 799 is divided by 70?
29
Calculate the remainder when 481 is divided by 84.
61
What is the remainder when 4327 is divided by 2160?
7
Calculate the remainder when 111 is divided by 23.
19
What is the remainder when 923 is divided by 33?
32
What is the remainder when 106 is divided by 84?
22
What is the remainder when 299 is divided by 28?
19
What is the remainder when 664 is divided by 21?
13
Calculate the remainder when 1272 is divided by 506.
260
Calculate the remainder when 211 is divided by 106.
105
What is the remainder when 3283 is divided by 820?
3
Calculate the remainder when 1140 is divided by 245.
160
What is the remainder when 27 is divided by 5?
2
Calculate the remainder when 335 is divided by 20.
15
What is the remainder when 1003 is divided by 154?
79
Calculate the remainder when 138 is divided by 72.
66
Calculate the remainder when 862 is divided by 32.
30
What is the remainder when 535 is divided by 178?
1
Wh